e prime factors of u(g).
2, 3
Let d be 1/(-5) - (-1026)/30. Let x = d + -19. List the prime factors of x.
3, 5
Let o(t) = -t**3 + 7*t**2 + 8*t + 9. List the prime factors of o(8).
3
Suppose 7*v - 30 = 2*v. What are the prime factors of ((-24)/10)/(v/(-30))?
2, 3
Let x be (4 + -2 + -2)*-1. Suppose -12 = -2*k - x*k. What are the prime factors of k?
2, 3
Let u(l) = l**2 - 6*l - 14. What are the prime factors of u(11)?
41
Let v = -4 + 32. List the prime factors of v.
2, 7
Suppose -5*o - n = -0 - 22, 3*n = -5*o + 26. Suppose -78 = o*g - 6*g. List the prime factors of g.
3, 13
Suppose 0 = -5*n, m - 5*m + 372 = -3*n. List the prime factors of m.
3, 31
Suppose -3*o + 4 = -4*o - 2*t, 2*o = 2*t + 10. Suppose 0 = o*r - 4*r + 8. List the prime factors of r.
2
Suppose 4*o + 3 = 23. Suppose 2*r = 5*r - 4*z - 53, -o*r + 2*z + 65 = 0. What are the prime factors of r?
11
Suppose -y = 0, -28 = -v - 3*v + 3*y. Suppose -u + 0 = -4. Suppose -u - v = -a. What are the prime factors of a?
11
Suppose -2*j + 10 = -18. Suppose 0 = q - 2*q + j. What are the prime factors of q?
2, 7
Let o(y) = -4*y - 1. Suppose 27 = -d - 2*d. Let q be o(d). Suppose 4*m = 29 + q. List the prime factors of m.
2
Let b(i) = -i**2 - i + 5. Let a be b(0). Suppose 3*h = 4 + a. List the prime factors of h.
3
Let o = 8 - 5. Suppose 12 = i + m + o*m, 37 = 5*i - 3*m. List the prime factors of i.
2
Let n(f) = -3*f + 9. Let p(l) = l - 1. Let h(y) = -n(y) - 9*p(y). List the prime factors of h(-1).
2, 3
Let b be 33/(-55) + (-4)/10. Let d = 5 + b. List the prime factors of d.
2
Suppose -11 = -5*k + 19. Suppose 0 = -7*x + 4*x + k. What are the prime factors of x?
2
Suppose 4*z - 35 + 7 = 0. Suppose z + 0 = t. What are the prime factors of t?
7
Let r(q) = q**2 - 4. Let b(l) = 2*l**2 - l**2 + l + 0*l - 4. Let o(u) = -2*b(u) + 3*r(u). List the prime factors of o(4).
2
Let d be (-1)/(-3)*3*74. Let g = -42 + d. List the prime factors of g.
2
Suppose k + 0 - 1 = 0. Let z be 2 + -5 + k*-3. List the prime factors of (-18)/(-12)*(-92)/z.
23
Let g(p) = p**3 - 3*p**2 - 3. Let f be g(3). Let b be (-65)/(-2) - f/(-6). Let w = b - 17. What are the prime factors of w?
3, 5
Let j = 67 - 42. Suppose j = 2*f + 3*f. What are the prime factors of f?
5
Suppose 14*u - 10*u - 300 = 0. List the prime factors of u.
3, 5
Let c = 59 + -42. What are the prime factors of c?
17
Let h = -77 - -46. Let l = -16 - h. List the prime factors of l.
3, 5
List the prime factors of (2088/15)/1 - 1/5.
139
Suppose g = -l - 2, 5*l + 9 = 2*l. Let c(u) = 2*u**2. Let t be c(g). Suppose -4*y = -t*y - 18. List the prime factors of y.
3
List the prime factors of (-1 - 1045/(-4)) + 4/(-16).
2, 5, 13
Let w be -1*36*8/(-6). Suppose 6*t - w = 2*t. List the prime factors of t.
2, 3
Let p = 6 - 1. Suppose 0 = -4*s - 8, p*h + 15 - 41 = -2*s. List the prime factors of h.
2, 3
Let a be 2/(-7) + 100/7. Let b = 22 - a. List the prime factors of b.
2
What are the prime factors of 468/8 + -2 + 2/4?
3, 19
Let m be -42 + (2 - 2 - (3 + -2)). Suppose 5*p = p - 88. Let d = p - m. What are the prime factors of d?
3, 7
Let i(w) = 12*w + 7. Let t be i(9). Let n = t + -54. What are the prime factors of n?
61
Let b(n) = -n + 1. Let g be b(3). Suppose 5*d + 2 = -8. What are the prime factors of g/d - 1 - -9?
3
Let h(s) = 2*s + 6. Let i be h(0). Suppose v = i*v - 170. What are the prime factors of v?
2, 17
Suppose -123 = -4*d + 85. List the prime factors of d.
2, 13
Suppose 8*c - 3*c = 4*o - 178, -o - 4*c = -55. What are the prime factors of o?
47
Let j(u) = -3*u + 1. Let f be j(-5). Suppose 47 = g + f. Suppose -3*x = -g + 7. List the prime factors of x.
2
Let g(q) = q + 19. What are the prime factors of g(-8)?
11
Let p be (-2 - 0)*17/2. What are the prime factors of -1 + 1 + (-2 - p)?
3, 5
Let m = 27 + 78. List the prime factors of m.
3, 5, 7
Suppose -268 - 285 = -7*w. List the prime factors of w.
79
Suppose -160*t = -159*t - 380. List the prime factors of t.
2, 5, 19
Let o(s) = -s**2 + s + 3. Let i(t) = t**2 + 4*t - 3. Let u be i(-5). Let j(z) = z**2 - z - 3. Let k(b) = u*o(b) + 3*j(b). What are the prime factors of k(-4)?
17
Suppose -12*d = -13*d + 6. What are the prime factors of d?
2, 3
Let h(q) = 38*q + 12. What are the prime factors of h(6)?
2, 3, 5
Let f = 3 - 1. Let u be (f*-1)/1 - -12. Suppose 5*s - u = 0, 4*p + 0*p + 4*s - 24 = 0. What are the prime factors of p?
2
Let v = -5 - -45. What are the prime factors of ((-190)/v)/((-1)/4)?
19
Suppose -i - 1 = w, 4 = 4*w - 8*w + 2*i. What are the prime factors of (2 + -3)*7*w?
7
Let l = 169 - 69. List the prime factors of l.
2, 5
Suppose 3*i = 5*x + 20, -3*x + 40 = 2*i - x. Suppose -29 = -5*u + 1. Let m = i - u. List the prime factors of m.
3
Let c = 26 - -5. Let x = c + -22. What are the prime factors of x?
3
Let t(a) = -a**3 - a - 34. Let d be t(0). Let b = d + 47. List the prime factors of b.
13
Let h be -3 + ((-3)/3 - 0). Let c be 3/((-6)/h) + 64. Suppose 2*r - 58 = -5*w - r, -c = -5*w - r. List the prime factors of w.
2, 7
Let j(h) = -h**3 - 5*h**2 - 4*h - 2. Let t be j(-2). Let g(b) = 3*b. Let s be g(t). List the prime factors of 4/s + (-83)/(-9).
3
Suppose 3*u = -4*z + 272, 4*u - u = -5*z + 277. What are the prime factors of u?
2, 3, 7
Suppose -4 + 68 = 2*z. List the prime factors of z.
2
Let x(a) = -a + 1. Let s be x(-7). Suppose 0 = s*i - 4*i - 44. List the prime factors of i.
11
Let q(v) = -v + 7. Let a(w) = 4*w - 2. Let t be a(3). Let b be q(t). List the prime factors of (-18)/2*(b - -2).
3
Suppose 2*v + 0*v = 14. Let m(h) = -2*h**2 + 5*h - 2. Let s be m(3). Let x = s + v. List the prime factors of x.
2
Let r be -2*(-5)/2*10. Suppose 0 = -0*m - 2*m - 3*h + 23, 0 = 5*m + 5*h - r. What are the prime factors of m?
7
Let b = 467 + -273. List the prime factors of b.
2, 97
Let x = 21 - 15. Suppose -x*v = -v - 100. List the prime factors of v.
2, 5
Let j(h) = -h**2 + 5*h - 4. Suppose -5*l + 6*l = 3. Let y be j(l). Let a = 11 + y. List the prime factors of a.
13
Suppose 5*u + 83 = 2*d, -2*u - 5*d + 35 = -3*u. Let x = u + 36. What are the prime factors of x?
3, 7
Let t = -74 - -82. What are the prime factors of t?
2
Suppose 0 = 2*f - s - 99, 0 = f - 4*s + s - 57. What are the prime factors of f?
2, 3
Suppose 2*w = 2*s + 20, -4*s - 16 = -2*w - 3*s. Let p = -6 - -13. Suppose w = o - p. List the prime factors of o.
13
Let y(f) = -3*f - 1 + 2 + 3*f + f. What are the prime factors of y(3)?
2
Let o(b) = 4*b + 6. Let g = -2 + -2. Let a be o(g). What are the prime factors of (-3)/6 + a/(-4)?
2
Suppose -4*j = 2*l, 5*j - 15 = -l - 0*l. Let k = l - -18. What are the prime factors of k?
2
Let k(f) = -f**3 - 6*f**2 - f - 6. Let h be k(-6). Suppose h = -0*r + 4*r - 60. What are the prime factors of r?
3, 5
Suppose -7*n + 2*n = -150. What are the prime factors of n?
2, 3, 5
List the prime factors of ((-116)/(-6))/((-22)/(-33)).
29
Let y(a) = a**2 - 2*a + 2. What are the prime factors of y(3)?
5
Let n be 4/(-2) - (1 + 10). Let p = n - -41. What are the prime factors of p?
2, 7
Let t be -2 + (2 - -2) - 0. What are the prime factors of ((-4)/(-12))/(t/12)?
2
Suppose -10*n + 5*n + 365 = 0. What are the prime factors of n?
73
Suppose 0 = 3*q - 4*q + 52. What are the prime factors of q?
2, 13
Let r(c) = 2 - 6*c**3 + 3*c**3 + c + 4*c**3 + c**2. Let g be r(0). Suppose -30 = -g*y - y. List the prime factors of y.
2, 5
Suppose -x - 4*x = 10, 2*u - 22 = 4*x. What are the prime factors of (u/(-4))/((-7)/28)?
7
Let x = -89 + 150. List the prime factors of x.
61
What are the prime factors of (2 + -4 - 1)*-5?
3, 5
Let n(q) = -3*q - 3. Let x be (-20)/(-8) - (-1)/(-2). Suppose 0 = g + x*g + 9. List the prime factors of n(g).
2, 3
List the prime factors of (2*46/(-8))/((-4)/8).
23
Let b = -9 + 15. Let y = -1 - -10. Let k = y - b. What are the prime factors of k?
3
Let x = 464 + -247. List the prime factors of x.
7, 31
Suppose -5*a = -3*q - 13 - 0, -4*q + a - 6 = 0. Let i(m) = 0 - 6*m**2 + 1 + 20*m**2. What are the prime factors of i(q)?
3, 5
Let p(d) = 2*d - 13. Let z be p(9). Suppose -3*t + 8*t - 3*q = 249, 0 = t - z*q - 63. List the prime factors of t.
2, 3
Let i be ((-1)/2)/((-4)/16). Suppose -4 = -4*t - 4*h, 4*h + 3 = -i*t + 3*h. What are the prime factors of (t/6)/(6/(-99))?
11
Let b(a) = -7*a**2 + 2*a + 9. Let l(k) = -k**2 + 1. Let y(i) = -b(i)